8
What is the greatest common divisor of 248 and 24?
8
Calculate the highest common divisor of 4 and 110.
2
What is the highest common factor of 935 and 155?
5
What is the highest common factor of 126 and 30?
6
Calculate the greatest common factor of 136 and 85.
17
What is the highest common divisor of 464 and 174?
58
Calculate the greatest common factor of 7872 and 48.
48
What is the highest common factor of 10854 and 162?
162
What is the greatest common factor of 1672 and 440?
88
Calculate the greatest common factor of 2370 and 90.
30
Calculate the highest common divisor of 2175 and 300.
75
Calculate the greatest common factor of 318 and 6.
6
What is the greatest common factor of 207 and 117?
9
Calculate the highest common factor of 28598 and 724.
362
What is the highest common factor of 60 and 124?
4
Calculate the highest common factor of 96 and 2000.
16
What is the highest common divisor of 8500 and 16?
4
Calculate the highest common divisor of 2172 and 72.
12
What is the greatest common factor of 480 and 540?
60
Calculate the greatest common divisor of 345 and 69.
69
What is the greatest common divisor of 66 and 286?
22
Calculate the highest common divisor of 1085 and 35.
35
Calculate the highest common factor of 10 and 30.
10
Calculate the greatest common divisor of 90 and 36.
18
Calculate the greatest common divisor of 830 and 249.
83
What is the greatest common factor of 462 and 2?
2
What is the highest common factor of 144 and 18?
18
Calculate the greatest common divisor of 44 and 2310.
22
What is the highest common factor of 2 and 146?
2
What is the highest common divisor of 665 and 3724?
133
Calculate the greatest common factor of 106685 and 95.
95
What is the highest common divisor of 128 and 4?
4
What is the highest common divisor of 637 and 26?
13
Calculate the greatest common factor of 410 and 14678.
82
Calculate the highest common divisor of 120 and 72.
24
Calculate the greatest common factor of 1928 and 1205.
241
Calculate the highest common divisor of 275 and 1800.
25
What is the highest common divisor of 80 and 8760?
40
What is the greatest common factor of 155 and 30?
5
Calculate the greatest common factor of 400 and 192.
16
What is the greatest common factor of 295 and 295?
295
What is the greatest common factor of 1290 and 50?
10
What is the greatest common factor of 12 and 2244?
12
What is the greatest common divisor of 70 and 504?
14
What is the highest common divisor of 36 and 90?
18
What is the highest common factor of 63 and 210?
21
Calculate the greatest common factor of 120 and 3180.
60
Calculate the greatest common divisor of 2156 and 224.
28
What is the greatest common factor of 511 and 14?
7
What is the greatest common factor of 28 and 1596?
28
What is the greatest common divisor of 321 and 1391?
107
Calculate the highest common factor of 14734 and 318.
106
Calculate the greatest common factor of 2533 and 85.
17
What is the highest common factor of 114 and 133?
19
What is the highest common factor of 71 and 3?
1
What is the greatest common divisor of 103881 and 93?
93
Calculate the greatest common divisor of 100 and 74600.
100
What is the greatest common divisor of 48 and 444?
12
Calculate the highest common divisor of 1258 and 34.
34
Calculate the highest common divisor of 1144 and 616.
88
Calculate the greatest common factor of 96 and 492.
12
Calculate the greatest common divisor of 6 and 69.
3
What is the highest common divisor of 2505 and 15?
15
What is the highest common divisor of 135 and 5?
5
Calculate the greatest common factor of 36 and 9.
9
What is the greatest common factor of 1342 and 14?
2
What is the greatest common divisor of 1700 and 102?
34
Calculate the greatest common factor of 187 and 462.
11
What is the greatest common divisor of 9 and 87?
3
Calculate the highest common divisor of 232 and 16.
8
Calculate the greatest common divisor of 805 and 1925.
35
Calculate the greatest common factor of 7720 and 130.
10
What is the greatest common factor of 19400 and 80?
40
What is the greatest common factor of 276 and 24?
12
Calculate the highest common factor of 272 and 24.
8
What is the greatest common divisor of 10 and 110?
10
Calculate the greatest common divisor of 325 and 225.
25
Calculate the highest common factor of 2961 and 27.
9
Calculate the highest common factor of 282 and 47.
47
Calculate the highest common divisor of 73 and 876.
73
What is the greatest common divisor of 4998 and 102?
102
What is the greatest common factor of 65 and 2262?
13
Calculate the highest common divisor of 9 and 72.
9
Calculate the greatest common factor of 24 and 1308.
12
What is the highest common factor of 30 and 3?
3
What is the highest common divisor of 234 and 10998?
234
What is the highest common divisor of 258 and 258?
258
Calculate the greatest common divisor of 19 and 475.
19
Calculate the highest common factor of 816 and 30.
6
Calculate the highest common factor of 384 and 60.
12
What is the greatest common factor of 82 and 35506?
82
Calculate the highest common divisor of 189 and 45.
9
What is the greatest common divisor of 738 and 1098?
18
Calculate the greatest common factor of 28424 and 272.
136
What is the highest common divisor of 35 and 45?
5
What is the greatest common divisor of 133 and 76?
19
Calculate the highest common divisor of 196 and 2646.
98
What is the highest common divisor of 17 and 3?
1
What is the highest common factor of 527 and 34?
17
Calculate the greatest common divisor of 42 and 336.
42
What is the highest common factor of 96 and 744?
24
What is the greatest common factor of 726 and 9?
3
Calculate the greatest common factor of 378 and 270.
54
Calculate the highest common factor of 34 and 68.
34
Calculate the highest common factor of 7050 and 2538.
282
What is the highest common factor of 213 and 5609?
71
Calculate the greatest common divisor of 11128 and 208.
104
Calculate the greatest common divisor of 61 and 55571.
61
Calculate the highest common divisor of 9657 and 58.
29
Calculate the greatest common divisor of 72 and 2358.
18
What is the highest common factor of 12 and 324?
12
Calculate the highest common divisor of 2244 and 119.
17
Calculate the greatest common factor of 3 and 7.
1
What is the highest common factor of 28 and 10696?
28
What is the greatest common factor of 144 and 936?
72
What is the highest common divisor of 122 and 4?
2
What is the highest common divisor of 770 and 2530?
110
What is the greatest common divisor of 378 and 54?
54
What is the greatest common divisor of 507 and 39?
39
Calculate the highest common factor of 2500 and 20.
20
Calculate the greatest common divisor of 558 and 496.
62
Calculate the greatest common factor of 30 and 110.
10
What is the greatest common factor of 177 and 8909?
59
What is the highest common factor of 1 and 868?
1
What is the greatest common factor of 37 and 37?
37
What is the greatest common factor of 2002 and 462?
154
What is the greatest common divisor of 216 and 8?
8
Calculate the greatest common factor of 119 and 91.
7
What is the greatest common factor of 135 and 5?
5
Calculate the highest common factor of 4941 and 61.
61
What is the greatest common factor of 6288 and 48?
48
Calculate the greatest common factor of 204 and 8.
4
Calculate the highest common factor of 957 and 99.
33
What is the highest common divisor of 32 and 16?
16
What is the highest common factor of 28878 and 6?
6
Calculate the greatest common divisor of 602 and 344.
86
What is the greatest common factor of 66 and 14487?
33
What is the highest common divisor of 14755 and 454?
227
What is the greatest common divisor of 11 and 5632?
11
What is the highest common divisor of 64 and 2?
2
Calculate the greatest common divisor of 414 and 322.
46
What is the highest common divisor of 6 and 1317?
3
What is the greatest common factor of 33 and 297?
33
What is the greatest common factor of 86 and 4859?
43
What is the highest common divisor of 120 and 32?
8
What is the greatest common factor of 1526 and 56?
14
Calculate the greatest common divisor of 136 and 170.
34
What is the highest common factor of 1332 and 54?
18
Calculate the greatest common factor of 12 and 3282.
6
Calculate the highest common factor of 4 and 19.
1
Calculate the highest common fact